10
In base 13, what is 4520 - -7?
4527
In base 3, what is 1112 + -100211201?
-100210012
In base 16, what is e46 - 2?
e44
In base 10, what is 50 + -5439?
-5389
In base 3, what is 10 - 1011220002?
-1011212222
In base 15, what is 16ebe6 - -5?
16ebeb
In base 6, what is -22 - -402320?
402254
In base 15, what is 3 - 38da?
-38d7
In base 14, what is a - 2458?
-244c
In base 16, what is 4 - 1c6b1?
-1c6ad
In base 4, what is 2 - -2312303110?
2312303112
In base 5, what is 4 - -120244?
120303
In base 9, what is 2 + 65?
67
In base 15, what is -3 + 2d02?
2cee
In base 8, what is -4724 - 145?
-5071
In base 5, what is -10 + -313344?
-313404
In base 11, what is -154 + 296?
142
In base 8, what is 5 + -24436?
-24431
In base 14, what is 13aa9 + -2b?
13a7c
In base 4, what is -10 - -200312?
200302
In base 14, what is 4c1 + c?
4cd
In base 14, what is 14 - d75?
-d61
In base 9, what is 18 - 1602?
-1573
In base 16, what is 1c9 + 16?
1df
In base 10, what is 506824 + -5?
506819
In base 3, what is -210 - 1120022?
-1121002
In base 11, what is -12a36 - 10?
-12a46
In base 2, what is 11011010010111 - 101?
11011010010010
In base 15, what is 95d5 + -5d?
9577
In base 4, what is 13 + 1212?
1231
In base 7, what is 141 - 251113?
-250642
In base 8, what is 2530450 + 1?
2530451
In base 2, what is -110001 - -11001100110100101?
11001100101110100
In base 7, what is -1252 + -50?
-1332
In base 14, what is -b5 - -17da?
1725
In base 7, what is 1 + -416454?
-416453
In base 9, what is -45 + -1516?
-1562
In base 16, what is 409 - 1?
408
In base 14, what is -1 + -10651b?
-10651c
In base 14, what is b24c - -a?
b258
In base 12, what is -24323 + 1?
-24322
In base 15, what is -7 - -31c?
315
In base 16, what is -1fa9 - -f?
-1f9a
In base 14, what is -3 - 157ab?
-157b0
In base 15, what is 32083 - 4?
3207e
In base 11, what is -27 + 6074?
6048
In base 11, what is -725a7 + -4?
-72600
In base 16, what is 5 + -774e?
-7749
In base 15, what is 11a1 + 0?
11a1
In base 10, what is 2 - 43913?
-43911
In base 9, what is -10144 + 3?
-10141
In base 13, what is 1b + 43ba?
4408
In base 7, what is -204306 + -1?
-204310
In base 12, what is -b + 23a20?
23a11
In base 16, what is -4 + -3b350?
-3b354
In base 2, what is 1011011001111 + 10?
1011011010001
In base 3, what is -122020 - 111?
-122201
In base 7, what is 202413 - -4?
202420
In base 7, what is 121444211 - 1?
121444210
In base 4, what is -2130103 + -300?
-2131003
In base 12, what is -122 + 141?
1b
In base 2, what is -11010010100010 - -101?
-11010010011101
In base 9, what is 0 + 266023?
266023
In base 12, what is 98479 + 5?
98482
In base 10, what is 177 - 603?
-426
In base 8, what is -2720 - -12?
-2706
In base 8, what is -34 + -2241?
-2275
In base 16, what is -112 + 19f?
8d
In base 12, what is -3aa16 - 1?
-3aa17
In base 4, what is 1201 - 2223331?
-2222130
In base 4, what is 20331 - -30313?
111310
In base 12, what is -23914 + -10?
-23924
In base 15, what is -249 - 5a?
-2a4
In base 14, what is 62 + -162?
-100
In base 9, what is -2172 - 163?
-2345
In base 6, what is 4 - 33141?
-33133
In base 11, what is -15 - 2274?
-2289
In base 15, what is 30 + -2a37?
-2a07
In base 2, what is 10101 + 1011110001000010?
1011110001010111
In base 3, what is -120200012 + -2200?
-120202212
In base 2, what is 100101110111 - 1?
100101110110
In base 12, what is 1719 + -220?
14b9
In base 13, what is -262a96 - 0?
-262a96
In base 16, what is -e + 165?
157
In base 2, what is -11101000101011 + 110?
-11101000100101
In base 16, what is -130e + -15?
-1323
In base 3, what is -220 + -10200210211?
-10200211201
In base 3, what is 10200110002201 - 11?
10200110002120
In base 15, what is e8 + -e9?
-1
In base 14, what is 1 - 73b73?
-73b72
In base 4, what is 23203321020 + -2?
23203321012
In base 16, what is -3313 + -11?
-3324
In base 5, what is 1444 + -1212?
232
In base 14, what is 60610 + 1?
60611
In base 5, what is -2 + -244012122?
-244012124
In base 8, what is -324103 + 5?
-324076
In base 10, what is 972485 - -4?
972489
In base 5, what is -42334 - -1310?
-41024
In base 15, what is -4 - -1555e4?
1555e0
In base 5, what is 24313403 - -2?
24313410
In base 6, what is -1214 + -35345?
-41003
In base 13, what is -946 - 96?
-a0c
In base 11, what is -569 - 12a?
-698
In base 6, what is 21501 + -13?
21444
In base 16, what is 46a + -2?
468
In base 14, what is 4 - 63d?
-639
In base 9, what is -223080 + 24?
-223055
In base 5, what is -11420 - 21233?
-33203
In base 13, what is -794 - -1a?
-777
In base 6, what is -1043 - 111?
-1154
In base 4, what is 2132201101 + 0?
2132201101
In base 6, what is -3312 + 354?
-2514
In base 3, what is 1222000021 + 11?
1222000102
In base 9, what is 456 - -381?
847
In base 7, what is 3 - 2425640?
-2425634
In base 16, what is 8 - 256?
-24e
In base 8, what is 162356 - 17?
162337
In base 12, what is -6060 - -4?
-6058
In base 4, what is -33312310 + -101?
-33313011
In base 6, what is 30 + -225054?
-225024
In base 2, what is 11 + 10101011101011?
10101011101110
In base 11, what is -1 + -56590?
-56591
In base 2, what is 111010110100000 + 10?
111010110100010
In base 10, what is 26 + -5923?
-5897
In base 14, what is 3745 - 37?
370c
In base 4, what is 111232222 - 111?
111232111
In base 11, what is 13321 - 0?
13321
In base 14, what is -10 - -6c38?
6c28
In base 5, what is 22 + -133212?
-133140
In base 2, what is -1010100110 + -10001?
-1010110111
In base 7, what is 46461061 + -2?
46461056
In base 7, what is 43620 - -22?
43642
In base 9, what is -5813458 - 0?
-5813458
In base 11, what is 522160 + 3?
522163
In base 12, what is 1186714 + 3?
1186717
In base 11, what is -6 - -5052?
5047
In base 2, what is -10001000011100 - -1011111?
-10000110111101
In base 15, what is -181 - -43?
-13d
In base 9, what is -576781 + -3?
-576784
In base 13, what is -293a + -37b?
-2cb8
In base 7, what is 45 - -160106?
160154
In base 2, what is 110101011100111 - 1?
110101011100110
In base 8, what is 106102 - 170?
105712
In base 13, what is -1 + 34c9?
34c8
In base 4, what is 33231 - -120033?
213330
In base 2, what is 1101 - -1000000000010101?
1000000000100010
In base 2, what is -111000100101 - -100100?
-111000000001
In base 3, what is -100 + 1021000210101?
1021000210001
In base 15, what is -1305b + 1?
-1305a
In base 5, what is -214 + -113?
-332
In base 6, what is 2244 + -12423?
-10135
In base 10, what is -626 - -833?
207
In base 9, what is 4257765 - 3?
4257762
In base 13, what is 128ac - 12?
1289a
In base 16, what is 25 + 89ab?
89d0
In base 6, what is -101 - 15122?
-15223
In base 5, what is 44 + -3032440?
-3032341
In base 16, what is 64bc - -6?
64c2
In base 3, what is 12011 + -11002121?
-10220110
In base 5, what is -120311 + 13?
-120243
In base 6, what is 2014410 - -11?
2014421
In base 6, what is 501422 + 4?
501430
In base 12, what is 43 - 13a21?
-1399a
In base 15, what is -90d35 - -3?
-90d32
In base 7, what is -3041542 - -1?
-3041541
In base 4, what is -2230 + -1321?
-10211
In base 14, what is -1d029 + 4?
-1d025
In base 11, what is -793 + -86?
-869
In base 7, what is 356600 - -5?
356605
In base 4, what is -112302 - -101?
-112201
In base 3, what is -10 + -1011011210020?
-1011011210100
In base 11, what is 19 - -502?
520
In base 13, what is -192 + 398a?
37c8
In base 13, what is -265a2 - 21?
-265c3
In base 4, what is -213001101 + -2?
-213001103
In base 7, what is -121403 + -25?
-121431
In base 9, what is -32 - -8417?
8375
In base 6, what is 1511 + -5155?
-3244
In base 16, what is 1 + 2b23f?
2b240
In base 2, what is -10010001 - 10100111?
-100111000
In base 4, what is -10 + 2200103?
2200033
In base 13, what is 20 + -744?
-724
In base 3, what is 12 - 10121101002?
-10121100220
In base 9, what is 10 - -153847?
153857
In base 6, what is -15110143 + -2?
-15110145
In base 9, what is 4 - 44315?
-44311
In base 7, what is 113 - -2335?
2451
In base 8, what is -4 + -43264?
-43270
In base 2, what is -1110101 - 100011000?
-110001101
In base 9, what is -160 - -766?
606
In base 14, what is -13 + 15c2?
15ad
In base 5, what is 300 - 342003?
-341203
In base 3, what is -1112020222102 + -1?
-1112020222110
In base 12, what is -a39163 - 0?
-a39163
In base 8, what is -2 - 106020?
-106022
In base 8, what is 2753 - -1561?
4534
In base 11, what is -1 - 8537?
-8538
In base 11, what is 0 - -6a6?
6a6
In base 6, what is 23552 - 2004?
21544
In base 2, what is -11 - 1111000